{"id":2172,"date":"2026-03-15T22:52:41","date_gmt":"2026-03-15T22:52:41","guid":{"rendered":"https:\/\/agenciasrg.com\/?page_id=2172"},"modified":"2026-03-21T16:58:33","modified_gmt":"2026-03-21T16:58:33","slug":"srg","status":"publish","type":"page","link":"https:\/\/agenciasrg.com\/","title":{"rendered":"INICIO"},"content":{"rendered":"\t\t<div data-elementor-type=\"wp-page\" data-elementor-id=\"2172\" class=\"elementor elementor-2172\">\n\t\t\t\t<div class=\"elementor-element elementor-element-e3e3566 e-flex e-con-boxed e-con e-parent\" data-id=\"e3e3566\" data-element_type=\"container\" data-e-type=\"container\" data-settings=\"{&quot;background_background&quot;:&quot;classic&quot;}\">\n\t\t\t\t\t<div class=\"e-con-inner\">\n\t\t\t\t<div class=\"elementor-element elementor-element-c7b345b elementor-widget elementor-widget-html\" data-id=\"c7b345b\" data-element_type=\"widget\" data-e-type=\"widget\" data-widget_type=\"html.default\">\n\t\t\t\t\t<link rel=\"preconnect\" href=\"https:\/\/fonts.googleapis.com\">\r\n<link rel=\"preconnect\" href=\"https:\/\/fonts.gstatic.com\" crossorigin>\r\n<link href=\"https:\/\/fonts.googleapis.com\/css2?family=Red+Hat+Display:wght@400;500;600;700;800;900&display=swap\" rel=\"stylesheet\">\r\n<link href=\"https:\/\/cdnjs.cloudflare.com\/ajax\/libs\/font-awesome\/6.5.2\/css\/all.min.css\" rel=\"stylesheet\">\r\n\r\n<style>\r\n  .srg-section,\r\n  .srg-section * {\r\n    box-sizing: border-box;\r\n  }\r\n\r\n  .srg-section {\r\n    --primary: #1A3FFF;\r\n    --bg: #000000;\r\n    --bg-soft: #050505;\r\n    --text: #ffffff;\r\n    --muted: #9ca3af;\r\n    --border: #1a1a1a;\r\n    --glow: rgba(26, 63, 255, 0.35);\r\n\r\n    font-family: 'Red Hat Display', sans-serif !important;\r\n    background: var(--bg);\r\n    color: var(--text);\r\n    width: 100%;\r\n    padding: 90px 0;\r\n  }\r\n\r\n  .srg-section.srg-soft {\r\n    background: var(--bg-soft);\r\n  }\r\n\r\n  .srg-wrap {\r\n    width: 100%;\r\n    max-width: 1200px;\r\n    margin: 0 auto;\r\n    padding: 0 24px;\r\n  }\r\n\r\n  .srg-label {\r\n    display: inline-block;\r\n    margin-bottom: 18px;\r\n    font-size: 14px;\r\n    font-weight: 700;\r\n    letter-spacing: 0.16em;\r\n    text-transform: uppercase;\r\n    color: var(--primary) !important;\r\n  }\r\n\r\n  .srg-title {\r\n    font-size: clamp(32px, 5vw, 64px);\r\n    line-height: 1.08;\r\n    font-weight: 800;\r\n    letter-spacing: -0.03em;\r\n    margin: 0 0 20px;\r\n    color: var(--text);\r\n  }\r\n\r\n  .srg-title span {\r\n    color: var(--primary) !important;\r\n  }\r\n\r\n  .srg-subtitle {\r\n    font-size: clamp(18px, 2vw, 24px);\r\n    line-height: 1.6;\r\n    color: var(--muted) !important;\r\n    margin: 0 0 34px;\r\n    max-width: 760px;\r\n  }\r\n\r\n  .srg-text {\r\n    font-size: 18px;\r\n    line-height: 1.65;\r\n    color: var(--muted) !important;\r\n    margin: 0;\r\n  }\r\n\r\n  .srg-accent {\r\n    color: var(--primary) !important;\r\n    font-weight: 700;\r\n  }\r\n\r\n  .srg-btn {\r\n    display: inline-flex;\r\n    align-items: center;\r\n    justify-content: center;\r\n    gap: 12px;\r\n    padding: 18px 34px;\r\n    background: var(--primary) !important;\r\n    color: #fff !important;\r\n    border: none;\r\n    border-radius: 12px;\r\n    text-decoration: none !important;\r\n    font-size: 16px;\r\n    font-weight: 800;\r\n    letter-spacing: 0.03em;\r\n    text-transform: uppercase;\r\n    box-shadow: 0 10px 30px var(--glow);\r\n    transition: all 0.3s ease;\r\n  }\r\n\r\n  .srg-btn:hover {\r\n    transform: translateY(-4px);\r\n    box-shadow: 0 14px 40px rgba(26, 63, 255, 0.45);\r\n    color: #fff !important;\r\n  }\r\n\r\n  .srg-btn.srg-full {\r\n    width: 100%;\r\n  }\r\n\r\n  .srg-grid-2 {\r\n    display: grid;\r\n    grid-template-columns: 1fr 1fr;\r\n    gap: 36px;\r\n  }\r\n\r\n  .srg-grid-3 {\r\n    display: grid;\r\n    grid-template-columns: repeat(3, 1fr);\r\n    gap: 24px;\r\n  }\r\n\r\n  .srg-card {\r\n    background: rgba(255, 255, 255, 0.03);\r\n    border: 1px solid var(--border);\r\n    border-radius: 14px;\r\n    padding: 28px;\r\n  }\r\n\r\n  .srg-card i {\r\n    font-size: 26px;\r\n    color: var(--primary) !important;\r\n    margin-bottom: 14px;\r\n  }\r\n\r\n  .srg-card h3 {\r\n    margin: 0 0 8px;\r\n    font-size: 22px;\r\n    font-weight: 700;\r\n    color: var(--text);\r\n  }\r\n\r\n  .srg-card p {\r\n    margin: 0;\r\n    color: var(--muted) !important;\r\n    font-size: 17px;\r\n    line-height: 1.6;\r\n  }\r\n\r\n  .srg-stat {\r\n    text-align: center;\r\n    background: linear-gradient(180deg, rgba(26, 63, 255, 0.06) 0%, rgba(255,255,255,0.01) 100%);\r\n  }\r\n\r\n  .srg-stat strong {\r\n    display: block;\r\n    font-size: 48px;\r\n    line-height: 1;\r\n    margin-bottom: 10px;\r\n    color: var(--primary) !important;\r\n  }\r\n\r\n  .srg-offer {\r\n    display: grid;\r\n    grid-template-columns: 1.2fr 0.8fr;\r\n    gap: 32px;\r\n    background: var(--bg-soft);\r\n    border: 1px solid var(--border);\r\n    border-radius: 18px;\r\n    padding: 42px;\r\n  }\r\n\r\n  .srg-list {\r\n    list-style: none;\r\n    display: grid;\r\n    grid-template-columns: 1fr 1fr;\r\n    gap: 14px 20px;\r\n    padding: 0;\r\n    margin: 24px 0 0;\r\n  }\r\n\r\n  .srg-list li {\r\n    display: flex;\r\n    align-items: center;\r\n    gap: 10px;\r\n    color: var(--text);\r\n    font-size: 17px;\r\n  }\r\n\r\n  .srg-list li i {\r\n    color: var(--primary) !important;\r\n  }\r\n\r\n  .srg-bonus {\r\n    background: rgba(26, 63, 255, 0.1);\r\n    border: 1px solid var(--primary);\r\n    border-radius: 14px;\r\n    padding: 28px;\r\n  }\r\n\r\n  .srg-bonus h3 {\r\n    margin: 0 0 10px;\r\n    font-size: 28px;\r\n    color: var(--text);\r\n  }\r\n\r\n  .srg-bonus p {\r\n    margin: 0 0 20px;\r\n    color: #dbe4ff !important;\r\n    font-size: 17px;\r\n    line-height: 1.6;\r\n  }\r\n\r\n  .srg-guarantee {\r\n    display: flex;\r\n    align-items: center;\r\n    gap: 22px;\r\n    padding: 32px;\r\n    border-radius: 18px;\r\n    border: 1px solid var(--primary);\r\n    background: linear-gradient(90deg, rgba(26, 63, 255, 0.12), rgba(26, 63, 255, 0.02));\r\n  }\r\n\r\n  .srg-guarantee i {\r\n    font-size: 46px;\r\n    color: var(--primary) !important;\r\n    flex-shrink: 0;\r\n  }\r\n\r\n  .srg-guarantee h3 {\r\n    margin: 0 0 8px;\r\n    font-size: 28px;\r\n    color: var(--text);\r\n  }\r\n\r\n  .srg-guarantee p {\r\n    margin: 0;\r\n    color: var(--muted) !important;\r\n    font-size: 17px;\r\n  }\r\n\r\n  .srg-center {\r\n    text-align: center;\r\n  }\r\n\r\n  .srg-proof {\r\n    margin-top: 26px;\r\n    display: flex;\r\n    gap: 22px;\r\n    flex-wrap: wrap;\r\n    font-size: 14px;\r\n    color: var(--muted) !important;\r\n  }\r\n\r\n  .srg-proof i {\r\n    color: var(--primary) !important;\r\n    margin-right: 8px;\r\n  }\r\n\r\n  .srg-footer {\r\n    margin-top: 50px;\r\n    padding-top: 28px;\r\n    border-top: 1px solid var(--border);\r\n    display: flex;\r\n    justify-content: space-between;\r\n    gap: 20px;\r\n    flex-wrap: wrap;\r\n    color: var(--muted) !important;\r\n    font-size: 14px;\r\n  }\r\n\r\n  @media (max-width: 1024px) {\r\n    .srg-grid-3,\r\n    .srg-grid-2,\r\n    .srg-offer {\r\n      grid-template-columns: 1fr;\r\n    }\r\n  }\r\n\r\n  @media (max-width: 767px) {\r\n    .srg-section {\r\n      padding: 68px 0;\r\n    }\r\n\r\n    .srg-wrap {\r\n      padding: 0 20px;\r\n    }\r\n\r\n    .srg-title {\r\n      font-size: clamp(30px, 8vw, 42px);\r\n    }\r\n\r\n    .srg-subtitle,\r\n    .srg-text,\r\n    .srg-card p {\r\n      font-size: 17px;\r\n    }\r\n\r\n    .srg-btn {\r\n      width: 100%;\r\n      padding: 17px 22px;\r\n    }\r\n\r\n    .srg-list {\r\n      grid-template-columns: 1fr;\r\n    }\r\n\r\n    .srg-offer {\r\n      padding: 26px;\r\n    }\r\n\r\n    .srg-guarantee {\r\n      flex-direction: column;\r\n      align-items: flex-start;\r\n    }\r\n\r\n    .srg-footer {\r\n      flex-direction: column;\r\n      text-align: center;\r\n      justify-content: center;\r\n    }\r\n  }\r\n  .srg-section{\r\nbackground:transparent !important;\r\n}\r\n\r\n.srg-section.srg-soft{\r\nbackground:transparent !important;\r\n}\r\n.no-grid::before{\r\n  display:none !important;\r\n}\r\n.srg-offer{\r\n  transition: box-shadow .35s ease, border-color .35s ease, transform .35s ease;\r\n}\r\n\r\n.srg-offer:hover{\r\n  box-shadow:\r\n    0 0 12px rgba(26,63,255,0.22),\r\n    0 0 28px rgba(26,63,255,0.16);\r\n  border-color: rgba(26,63,255,0.45);\r\n}\r\n\r\n.srg-bonus{\r\n  display: flex;\r\n  flex-direction: column;\r\n  justify-content: space-between;\r\n}\r\n.site-bottom-blur{\r\nposition:fixed;\r\nleft:-20%;\r\nright:-20%;\r\nbottom:-120px;\r\nheight:260px;\r\npointer-events:none;\r\nz-index:1;\r\n\r\nbackground: radial-gradient(\r\nellipse at center,\r\nrgba(26,63,255,0.35) 0%,\r\nrgba(26,63,255,0.18) 35%,\r\nrgba(26,63,255,0.08) 55%,\r\ntransparent 75%\r\n);\r\n\r\nfilter: blur(70px);\r\n}\r\nhtml{\r\nscroll-behavior: smooth;\r\n}\r\n.ast-footer-copyright{\r\ndisplay:none !important;\r\n}\r\n<\/style>\r\n<div class=\"site-bottom-blur\"><\/div>\r\n<section class=\"srg-section no-grid\" style=\"min-height:70vh;display:flex;align-items:center;\">\r\n  <div class=\"srg-wrap\">\r\n\r\n    <h1 class=\"srg-title\" style=\"color:#ffffff; font-size:clamp(42px,6vw,96px); line-height:1.05;\">\r\nSua marca est\u00e1 invis\u00edvel \u2014 ou est\u00e1\r\n<span style=\"color:#1A3FFF;\">dominando o mercado?<\/span>\r\n<\/h1>\r\n\r\n    <p class=\"srg-subtitle\">\r\n      Transformamos empresas comuns em marcas que vendem, impressionam e s\u00e3o lembradas.\r\n    <\/p>\r\n\r\n    <a href=\"https:\/\/wa.me\/5547989299501?text=Ol%C3%A1.%20Gostaria%20de%20fazer%20um%20or%C3%A7amento!\" class=\"srg-btn\">\r\n      Quero transformar minha marca agora\r\n      <i class=\"fas fa-arrow-right\"><\/i>\r\n    <\/a>\r\n\r\n    <div class=\"srg-proof\">\r\n      <span><i class=\"fas fa-bolt\"><\/i> +20 marcas transformadas<\/span>\r\n      <span><i class=\"fas fa-chart-line\"><\/i> Resultados reais e mensur\u00e1veis<\/span>\r\n    <\/div>\r\n\r\n  <\/div>\r\n<\/section>\t\t\t\t<\/div>\n\t\t\t\t\t<\/div>\n\t\t\t\t<\/div>\n\t\t<div class=\"elementor-element elementor-element-316d3fc e-flex e-con-boxed e-con e-parent\" data-id=\"316d3fc\" data-element_type=\"container\" data-e-type=\"container\" data-settings=\"{&quot;background_background&quot;:&quot;classic&quot;}\">\n\t\t\t\t\t<div class=\"e-con-inner\">\n\t\t\t\t<div class=\"elementor-element elementor-element-0c99394 elementor-widget elementor-widget-html\" data-id=\"0c99394\" data-element_type=\"widget\" data-e-type=\"widget\" data-widget_type=\"html.default\">\n\t\t\t\t\t<section class=\"srg-section\">\r\n\r\n<div class=\"srg-wrap\">\r\n\r\n<div class=\"srg-grid-2\" style=\"align-items:center;\">\r\n\r\n<div>\r\n\r\n<h2 class=\"srg-title\" style=\"font-size:clamp(30px,4vw,52px);\">\r\nVoc\u00ea investe em an\u00fancios, mas os resultados n\u00e3o aparecem?\r\n<\/h2>\r\n\r\n<p class=\"srg-subtitle\" style=\"color:#1A3FFF !important;\">\r\nA raiz do problema n\u00e3o \u00e9 o an\u00fancio.<br>\r\n\u00c9 a marca por tr\u00e1s dele.\r\n<\/p>\r\n\r\n<\/div>\r\n\r\n<div style=\"display:grid;gap:20px;\">\r\n\r\n<div class=\"srg-card\">\r\n<i class=\"fas fa-eye-slash\"><\/i>\r\n<h3>Invisibilidade<\/h3>\r\n<p>Sem identidade forte voc\u00ea compete apenas por pre\u00e7o.<\/p>\r\n<\/div>\r\n\r\n<div class=\"srg-card\">\r\n<i class=\"fas fa-shield-alt\"><\/i>\r\n<h3>Falta de Credibilidade<\/h3>\r\n<p>A apar\u00eancia amadora afasta clientes.<\/p>\r\n<\/div>\r\n\r\n<div class=\"srg-card\">\r\n<i class=\"fas fa-money-bill-wave\"><\/i>\r\n<h3>Dinheiro Desperdi\u00e7ado<\/h3>\r\n<p>Tr\u00e1fego sem convers\u00e3o gera preju\u00edzo.<\/p>\r\n<\/div>\r\n\r\n<\/div>\r\n\r\n<\/div>\r\n<\/div>\r\n<\/section>\t\t\t\t<\/div>\n\t\t\t\t\t<\/div>\n\t\t\t\t<\/div>\n\t\t<div class=\"elementor-element elementor-element-0f036bb e-flex e-con-boxed e-con e-parent\" data-id=\"0f036bb\" data-element_type=\"container\" data-e-type=\"container\" data-settings=\"{&quot;background_background&quot;:&quot;classic&quot;}\">\n\t\t\t\t\t<div class=\"e-con-inner\">\n\t\t\t\t<div class=\"elementor-element elementor-element-9c4514e elementor-widget elementor-widget-html\" data-id=\"9c4514e\" data-element_type=\"widget\" data-e-type=\"widget\" data-widget_type=\"html.default\">\n\t\t\t\t\t<style>\r\n\r\n\/* se\u00e7\u00e3o com grid suave *\/\r\n.srg-section{\r\n  position: relative;\r\n  background: transparent;\r\n  overflow: hidden;\r\n}\r\n\r\n\/* GRID tecnol\u00f3gico *\/\r\n.srg-section::before{\r\n  content:\"\";\r\n  position:absolute;\r\n  inset:0;\r\n\r\n  background-image:\r\n    linear-gradient(rgba(80,120,255,0.10) 1px, transparent 1px),\r\n    linear-gradient(90deg, rgba(80,120,255,0.10) 1px, transparent 1px);\r\n\r\n  background-size: 60px 60px;\r\n\r\n  mask-image: radial-gradient(circle at center, black 45%, transparent 80%);\r\n  -webkit-mask-image: radial-gradient(circle at center, black 45%, transparent 80%);\r\n\r\n  pointer-events:none;\r\n}\r\n\r\n.srg-wrap{\r\n  position:relative;\r\n  z-index:2;\r\n}\r\n\r\n\/* tipografia branca *\/\r\n.srg-section h2,\r\n.srg-section p,\r\n.srg-section strong,\r\n.srg-section span{\r\n  color:#ffffff;\r\n}\r\n\r\n\/* SHAPES com blur no fundo *\/\r\n.srg-card{\r\n  backdrop-filter: blur(2px);\r\n  -webkit-backdrop-filter: blur(2px);\r\n\r\n  background: rgba(10,15,35,0.35);\r\n  border: 1px solid rgba(120,150,255,0.15);\r\n\r\n  transition: transform .35s ease;\r\n}\r\n\r\n\/* zoom suave *\/\r\n.srg-card:hover{\r\n  transform: scale(1.04);\r\n}\r\n\r\n\/* frase final *\/\r\n.srg-footer-text{\r\n  text-align:center;\r\n  margin-top:60px;\r\n  font-size:clamp(20px,2.2vw,32px);\r\n  font-weight:600;\r\n}\r\n\r\n.srg-footer-text span{\r\n  color:#2f6bff;\r\n}\r\n\r\n<\/style>\r\n\r\n\r\n<section class=\"srg-section\">\r\n  <div class=\"srg-wrap\">\r\n\r\n    <div class=\"srg-center\" style=\"margin-bottom:14px;\">\r\n\r\n\r\n      <h2 class=\"srg-title\" style=\"font-size: clamp(30px, 4vw, 52px);\">\r\n        Enquanto voc\u00ea fica parado, seus concorrentes est\u00e3o crescendo.\r\n      <\/h2>\r\n    <\/div>\r\n\r\n    <div class=\"srg-grid-3\">\r\n\r\n      <div class=\"srg-card srg-stat\">\r\n        <strong>94%<\/strong>\r\n        <p>julgam uma empresa pela apar\u00eancia visual antes de qualquer contato.<\/p>\r\n      <\/div>\r\n\r\n      <div class=\"srg-card srg-stat\">\r\n        <strong>75%<\/strong>\r\n        <p>avaliam a credibilidade pela qualidade do design.<\/p>\r\n      <\/div>\r\n\r\n      <div class=\"srg-card srg-stat\">\r\n        <strong>3s<\/strong>\r\n        <p>\u00e9 o tempo que voc\u00ea tem para capturar a aten\u00e7\u00e3o do cliente.<\/p>\r\n      <\/div>\r\n\r\n    <\/div>\r\n\r\n    <div class=\"srg-footer-text\">\r\n      Sua marca est\u00e1 custando dinheiro \u2014 <span>ou gerando dinheiro?<\/span>\r\n    <\/div>\r\n\r\n  <\/div>\r\n<\/section>\t\t\t\t<\/div>\n\t\t\t\t\t<\/div>\n\t\t\t\t<\/div>\n\t\t<div class=\"elementor-element elementor-element-0766994 e-flex e-con-boxed e-con e-parent\" data-id=\"0766994\" data-element_type=\"container\" data-e-type=\"container\">\n\t\t\t\t\t<div class=\"e-con-inner\">\n\t\t\t\t<div class=\"elementor-element elementor-element-9ecf444 elementor-widget elementor-widget-html\" data-id=\"9ecf444\" data-element_type=\"widget\" data-e-type=\"widget\" data-widget_type=\"html.default\">\n\t\t\t\t\t<section class=\"srg-section\" style=\"--grid-opacity:1;\">\r\n  <div class=\"srg-wrap\">\r\n\r\n    <div class=\"srg-center\">\r\n\r\n      <h2 class=\"srg-title\" style=\"font-size: clamp(30px, 4vw, 52px); color:#0f172a;\">\r\n        Apresentamos o <span style=\"color:#1A3FFF;\">Revamp Completo<\/span>\r\n      <\/h2>\r\n\r\n      <p class=\"srg-subtitle\" style=\"margin: 0 auto 50px; color:#475569;\">\r\n        Uma renova\u00e7\u00e3o estrat\u00e9gica e visual que posiciona sua empresa como refer\u00eancia.\r\n      <\/p>\r\n    <\/div>\r\n\r\n    <div class=\"srg-grid-3\">\r\n\r\n      <div class=\"srg-card\" style=\"background:#1A3FFF;border:none;\">\r\n        <i class=\"fas fa-chess-knight\" style=\"color:#ffffff !important;\"><\/i>\r\n        <h3 style=\"color:#ffffff;\">Estrat\u00e9gia<\/h3>\r\n        <p style=\"color:#e0e7ff;\">\r\n          Planejamos cada detalhe para que sua marca comunique o que precisa.\r\n        <\/p>\r\n      <\/div>\r\n\r\n      <div class=\"srg-card\" style=\"background:#1A3FFF;border:none;\">\r\n        <i class=\"fas fa-paint-brush\" style=\"color:#ffffff !important;\"><\/i>\r\n        <h3 style=\"color:#ffffff;\">Criatividade<\/h3>\r\n        <p style=\"color:#e0e7ff;\">\r\n          Design funcional, memor\u00e1vel e constru\u00eddo para converter.\r\n        <\/p>\r\n      <\/div>\r\n\r\n      <div class=\"srg-card\" style=\"background:#1A3FFF;border:none;\">\r\n        <i class=\"fas fa-bullseye\" style=\"color:#ffffff !important;\"><\/i>\r\n        <h3 style=\"color:#ffffff;\">Prop\u00f3sito<\/h3>\r\n        <p style=\"color:#e0e7ff;\">\r\n          Identidade com alma que conecta emocionalmente com seu p\u00fablico.\r\n        <\/p>\r\n      <\/div>\r\n\r\n    <\/div>\r\n\r\n  <\/div>\r\n<\/section>\t\t\t\t<\/div>\n\t\t\t\t\t<\/div>\n\t\t\t\t<\/div>\n\t\t<div class=\"elementor-element elementor-element-cff8209 e-flex e-con-boxed e-con e-parent\" data-id=\"cff8209\" data-element_type=\"container\" data-e-type=\"container\" data-settings=\"{&quot;background_background&quot;:&quot;classic&quot;}\">\n\t\t\t\t\t<div class=\"e-con-inner\">\n\t\t\t\t<div class=\"elementor-element elementor-element-f5aa23f elementor-widget elementor-widget-html\" data-id=\"f5aa23f\" data-element_type=\"widget\" data-e-type=\"widget\" data-widget_type=\"html.default\">\n\t\t\t\t\t<section class=\"srg-section\">\r\n  <div class=\"srg-wrap\">\r\n    <h2 class=\"srg-title\" style=\"font-size: clamp(30px, 4vw, 52px);\">\r\n      Tudo em um s\u00f3 lugar\r\n    <\/h2>\r\n\r\n    <div class=\"srg-grid-3\">\r\n      <div class=\"srg-card\">\r\n        <i class=\"fas fa-fingerprint\"><\/i>\r\n        <h3>Identidade Visual<\/h3>\r\n      <\/div>\r\n\r\n      <div class=\"srg-card\">\r\n        <i class=\"fas fa-bullseye\"><\/i>\r\n        <h3>Branding<\/h3>\r\n      <\/div>\r\n\r\n      <div class=\"srg-card\">\r\n        <i class=\"fas fa-laptop-code\"><\/i>\r\n        <h3>Landing Pages<\/h3>\r\n      <\/div>\r\n\r\n      <div class=\"srg-card\">\r\n        <i class=\"fas fa-video\"><\/i>\r\n        <h3>Audiovisual<\/h3>\r\n      <\/div>\r\n\r\n      <div class=\"srg-card\">\r\n        <i class=\"fas fa-share-alt\"><\/i>\r\n        <h3>Social Media<\/h3>\r\n      <\/div>\r\n\r\n      <div class=\"srg-card\">\r\n        <i class=\"fas fa-chart-pie\"><\/i>\r\n        <h3>Campanhas 360<\/h3>\r\n      <\/div>\r\n    <\/div>\r\n  <\/div>\r\n<\/section>\t\t\t\t<\/div>\n\t\t\t\t\t<\/div>\n\t\t\t\t<\/div>\n\t\t<div class=\"elementor-element elementor-element-7429308 e-flex e-con-boxed e-con e-parent\" data-id=\"7429308\" data-element_type=\"container\" data-e-type=\"container\" data-settings=\"{&quot;background_background&quot;:&quot;classic&quot;}\">\n\t\t\t\t\t<div class=\"e-con-inner\">\n\t\t\t\t<div class=\"elementor-element elementor-element-019a490 elementor-widget elementor-widget-html\" data-id=\"019a490\" data-element_type=\"widget\" data-e-type=\"widget\" data-widget_type=\"html.default\">\n\t\t\t\t\t<section class=\"srg-section\">\r\n  <div class=\"srg-wrap\">\r\n    <div class=\"srg-offer\">\r\n      <div>\r\n        <span class=\"srg-label\">    \r\n        <\/span>\r\n        <h2 class=\"srg-title\" style=\"font-size: clamp(30px, 4vw, 52px);\">\r\n          Sua <span>Revamp Completa<\/span>\r\n        <\/h2>\r\n\r\n        <ul class=\"srg-list\">\r\n          <li><i class=\"fas fa-check\"><\/i> Diagn\u00f3stico de Marca<\/li>\r\n          <li><i class=\"fas fa-check\"><\/i> Nova Identidade<\/li>\r\n          <li><i class=\"fas fa-check\"><\/i> Brandbook<\/li>\r\n          <li><i class=\"fas fa-check\"><\/i> Landing Page<\/li>\r\n          <li><i class=\"fas fa-check\"><\/i> Estrat\u00e9gia Digital<\/li>\r\n          <li><i class=\"fas fa-check\"><\/i> Suporte Total<\/li>\r\n        <\/ul>\r\n      <\/div>\r\n\r\n      <div class=\"srg-bonus\">\r\n        <span class=\"srg-label\" style=\"color: #fff !important;\">B\u00f4nus Exclusivo<\/span>\r\n        <h3>Consultoria Estrat\u00e9gica<\/h3>\r\n        <p>1 hora com nossos especialistas para quem entrar em contato hoje.<\/p>\r\n\r\n        <a href=\"https:\/\/wa.me\/SEUNUMERO\" class=\"srg-btn srg-full\">\r\n          Quero minha revamp\r\n        <\/a>\r\n      <\/div>\r\n    <\/div>\r\n  <\/div>\r\n<\/section>\t\t\t\t<\/div>\n\t\t\t\t\t<\/div>\n\t\t\t\t<\/div>\n\t\t<div class=\"elementor-element elementor-element-3d3d429 e-flex e-con-boxed e-con e-parent\" data-id=\"3d3d429\" data-element_type=\"container\" data-e-type=\"container\">\n\t\t\t\t\t<div class=\"e-con-inner\">\n\t\t\t\t<div class=\"elementor-element elementor-element-f76f9d7 elementor-widget elementor-widget-html\" data-id=\"f76f9d7\" data-element_type=\"widget\" data-e-type=\"widget\" data-widget_type=\"html.default\">\n\t\t\t\t\t<section class=\"srg-section\">\r\n  <div class=\"srg-wrap\">\r\n    \r\n    <div class=\"srg-guarantee\" style=\"background:#1A3FFF; border:1px solid #1A3FFF;\">\r\n      \r\n      <i class=\"fas fa-shield-alt\" style=\"color:#ffffff !important;\"><\/i>\r\n      \r\n      <div>\r\n        <h3 style=\"color:#ffffff;\">\r\n          Sem risco. Sem arrependimento. S\u00f3 resultado.\r\n        <\/h3>\r\n\r\n        <p style=\"color:#e0e7ff;\">\r\n          Voc\u00ea acompanha cada etapa e s\u00f3 avan\u00e7a quando estiver 100% satisfeito.\r\n        <\/p>\r\n      <\/div>\r\n\r\n    <\/div>\r\n\r\n  <\/div>\r\n<\/section>\t\t\t\t<\/div>\n\t\t\t\t\t<\/div>\n\t\t\t\t<\/div>\n\t\t<div class=\"elementor-element elementor-element-0e6f811 e-flex e-con-boxed e-con e-parent\" data-id=\"0e6f811\" data-element_type=\"container\" data-e-type=\"container\">\n\t\t\t\t\t<div class=\"e-con-inner\">\n\t\t\t\t<div class=\"elementor-element elementor-element-4d28b64 elementor-widget elementor-widget-html\" data-id=\"4d28b64\" data-element_type=\"widget\" data-e-type=\"widget\" data-widget_type=\"html.default\">\n\t\t\t\t\t<section class=\"srg-section srg-center\">\r\n  <div class=\"srg-wrap\">\r\n\r\n    <div style=\"display:inline-flex;align-items:center;gap:10px;border:1px solid #1A3FFF;border-radius:999px;padding:10px 18px;margin-bottom:26px;font-size:14px;font-weight:700;letter-spacing:.05em;text-transform:uppercase;background:#ffffff;color:#1A3FFF;\">\r\n      <i class=\"fas fa-bolt\" style=\"color:#1A3FFF;\"><\/i>\r\n      Apenas 5 vagas dispon\u00edveis este m\u00eas\r\n    <\/div>\r\n\r\n    <h2 class=\"srg-title\" style=\"font-size: clamp(30px, 4vw, 52px); color:#0f172a;\">\r\n      Sua marca pode ser a pr\u00f3xima <span style=\"color:#1A3FFF;\">hist\u00f3ria de sucesso.<\/span>\r\n    <\/h2>\r\n\r\n    <p class=\"srg-subtitle\" style=\"margin:0 auto 36px;color:#475569;\">\r\n      Garanta sua posi\u00e7\u00e3o agora e comece a dominar o seu mercado.\r\n    <\/p>\r\n\r\n    <a href=\"https:\/\/wa.me\/SEUNUMERO\" class=\"srg-btn\">\r\n      Falar agora no WhatsApp\r\n      <i class=\"fab fa-whatsapp\"><\/i>\r\n    <\/a>\r\n\r\n    <div class=\"srg-footer\" style=\"color:#64748b;\">\r\n      <div>srg agc. \u00a9 2026<\/div>\r\n      <div>contato@agenciasrg.com | www.agenciasrg.com<\/div>\r\n      <div>Strategic Revamp Gear<\/div>\r\n    <\/div>\r\n\r\n  <\/div>\r\n<\/section>\t\t\t\t<\/div>\n\t\t\t\t\t<\/div>\n\t\t\t\t<\/div>\n\t\t\t\t<\/div>\n\t\t","protected":false},"excerpt":{"rendered":"<p>Sua marca est\u00e1 invis\u00edvel \u2014 ou est\u00e1 dominando o mercado? Transformamos empresas comuns em marcas que vendem, impressionam e s\u00e3o lembradas. Quero transformar minha marca agora +20 marcas transformadas Resultados reais e mensur\u00e1veis Voc\u00ea investe em an\u00fancios, mas os resultados n\u00e3o aparecem? A raiz do problema n\u00e3o \u00e9 o an\u00fancio. \u00c9 a marca por tr\u00e1s [&hellip;]<\/p>\n","protected":false},"author":1,"featured_media":0,"parent":0,"menu_order":0,"comment_status":"closed","ping_status":"closed","template":"elementor_canvas","meta":{"footnotes":""},"class_list":["post-2172","page","type-page","status-publish","hentry"],"_hostinger_reach_plugin_has_subscription_block":false,"_hostinger_reach_plugin_is_elementor":false,"_links":{"self":[{"href":"https:\/\/agenciasrg.com\/index.php?rest_route=\/wp\/v2\/pages\/2172","targetHints":{"allow":["GET"]}}],"collection":[{"href":"https:\/\/agenciasrg.com\/index.php?rest_route=\/wp\/v2\/pages"}],"about":[{"href":"https:\/\/agenciasrg.com\/index.php?rest_route=\/wp\/v2\/types\/page"}],"author":[{"embeddable":true,"href":"https:\/\/agenciasrg.com\/index.php?rest_route=\/wp\/v2\/users\/1"}],"replies":[{"embeddable":true,"href":"https:\/\/agenciasrg.com\/index.php?rest_route=%2Fwp%2Fv2%2Fcomments&post=2172"}],"version-history":[{"count":29,"href":"https:\/\/agenciasrg.com\/index.php?rest_route=\/wp\/v2\/pages\/2172\/revisions"}],"predecessor-version":[{"id":2340,"href":"https:\/\/agenciasrg.com\/index.php?rest_route=\/wp\/v2\/pages\/2172\/revisions\/2340"}],"wp:attachment":[{"href":"https:\/\/agenciasrg.com\/index.php?rest_route=%2Fwp%2Fv2%2Fmedia&parent=2172"}],"curies":[{"name":"wp","href":"https:\/\/api.w.org\/{rel}","templated":true}]}}